{"id":465,"date":"2022-01-04T15:00:24","date_gmt":"2022-01-04T14:00:24","guid":{"rendered":"https:\/\/norahartmann.de\/?page_id=465"},"modified":"2022-01-05T08:44:40","modified_gmt":"2022-01-05T07:44:40","slug":"kommunikation-statt-komando-wofuer-steht-das","status":"publish","type":"page","link":"https:\/\/norahartmann.de\/?page_id=465","title":{"rendered":"Kommunikation statt Kommando, wof\u00fcr steht das?"},"content":{"rendered":"<p>Ich glaube, jeder von uns kennt sie irgendwie: diese Gespr\u00e4che mit Leuten, die nicht wirklich zuh\u00f6ren. Im Kollegium, im Freundeskreis, in der Familie.<br \/>\nDa gibt es die, die immer nur von sich selber sprechen, so dass du kaum zu Wort kommst und wenn du dann mal was sagen &#8222;darfst&#8220; kurz &#8222;mhmmh&#8220; sagen, um dann erneut eine ihrer eigenen Geschichten zum Besten zu geben&#8230;<\/p>\n<p>Und auch die, die zwar so tun, als w\u00fcrden sie begeistert zuh\u00f6ren, immer &#8222;Echt jezz?&#8220; und &#8222;Nicht wahr?!&#8220; quietschen, sich aber dennoch bei der kleinsten Ablenkung etwas anderem zuwenden und nicht mal merken, dass du deinen Satz gar nicht vollendet hast.<\/p>\n<p>Es gibt die, die sich zwar irgendwie bem\u00fchen, zuzuh\u00f6ren, aber ihre Mimik und K\u00f6rpersprache verraten dir ziemlich eindeutig, dass sie dich eigentlich langweilig finden&#8230;oder seltsam irgendwie und sie versuchen, das Gespr\u00e4ch in andere Bahnen zu lenken.<\/p>\n<p>Solche oder \u00e4hnliche Unterhaltungen hinterlassen uns immer irgendwie unbefriedigt, oder? Und oft auch frustriert oder traurig, weil wir dann vielleicht meinen, wir machen&#8217;s verkehrt&#8230;sind nicht lustig, nicht schlau genug und irgendwie uninteressant.<br \/>\nUnd dann beginnen wir, uns zu verstellen, zu verbiegen, um zu gefallen oder aber ziehen wir los, unser eigenes Ding zu machen, fr\u00f6nen unseren Leidenschaften dann halt alleine oder in Gesellschaft Fremder und unsere Sorgen und N\u00f6te behalten wir mal fein f\u00fcr uns, interessiert ja eh niemand.<br \/>\nWir legen uns ein dickes Fell zu. Ziehen uns zur\u00fcck.<br \/>\nUnd sind ein bisi einsam&#8230;<\/p>\n<p>Und mit einem Mal kommt jemand, der aufrichtiges Interesse zeigt an dir, und wirklich neugierig ist auf das, was du bist und wer.<br \/>\nJedesmal und immer wieder. Dessen Blick offen ist, w\u00e4hrend du sprichst und traurig wird, wenn es deine Geschichten sind.<br \/>\nDessen Hand mitf\u00fchlend nach deiner greift, wenn er merkt, du brauchst das jezz, sie aber auch wieder loslassen kann, wenn&#8217;s dir zu eng wird.<br \/>\nDer an den richtigen Stellen lacht und mit dem sich&#8217;s gut anf\u00fchlt, auch einfach mal nix zu sagen, sondern nur den Moment zu genie\u00dfen, einfach zu SEIN: gemeinsam.<\/p>\n<p>Wir alle, alle haben den Wunsch, gut gefunden zu werden.<br \/>\nSehnen uns nach Liebe, nach Freundschaft, danach verstanden und akzeptiert zu werden. Nicht nur weil, sondern OBWOHL wir so sind, wie wir nunmal sind, mit all unseren Ecken und Kanten.<br \/>\nDort bleiben wir dann, weil wir ankommen d\u00fcrfen und ausatmen und sein.<\/p>\n<p>Und genauso glaube ich, geht es unseren Hunden. Wenn wir im Umgang mit ihnen immer nur kommunizieren, dass das alles ja grunds\u00e4tzlich schon ganz okay ist, aber meinen, es ginge doch irgendwie schneller, langsamer, weiter, anders, wird das Gespr\u00e4ch gar nicht erst stattfinden oder aber gewaltig ins Stocken geraten.<br \/>\nOder man h\u00e4lt halt nur Smalltalk. Aber so richtig hei\u00dfe Unterhaltungen werden nicht stattfinden,<br \/>\nkeine geheimen Leidenschaften offenbart,<br \/>\nkeine intimen Gest\u00e4ndnisse.<br \/>\nEs bleibt alles oberfl\u00e4chlich.<\/p>\n<p>Wenn wir unseren Hunden aber zuh\u00f6ren, WIRKLICH zuh\u00f6ren&#8230;mit dem Herzen zuh\u00f6ren \u2764\ufe0f und WIRKLICH verstehen wollen, dann f\u00e4llt uns bald auf, dass sie langsamer &#8222;reden&#8220; und manchmal auch \u00fcberdeutlich, weil sie das Gespr\u00e4ch ja wollen, unsere Hunde, und uns dabei!<br \/>\nUnd dann funktioniert das mit einem Mal auch andersherum, dass sie FRAGEN, weil ihnen unsere Meinung zu Dingen wichtig ist und dann&#8230;DANN sind wir im Gespr\u00e4ch!<br \/>\nUnd genauso leidenschaftlich, wie uns ihre Themen interessieren, interessieren sie sich auch f\u00fcr unsere.<br \/>\nUnd dann gl\u00fchen die Wangen,<br \/>\ndie Augen strahlen,<br \/>\nman geht befriedigt und voller Gl\u00fcck nach Hause und alle Beteiligten denken:&#8220;Boah, war das toll!!<br \/>\nIch freu mich schon auf&#8217;s n\u00e4chste Mal!&#8220;<\/p>\n<p><img loading=\"lazy\" class=\"alignnone size-medium wp-image-466\" src=\"https:\/\/norahartmann.de\/wp-content\/uploads\/2022\/01\/Nanouk-300x295.jpg\" alt=\"\" width=\"300\" height=\"295\" srcset=\"https:\/\/norahartmann.de\/wp-content\/uploads\/2022\/01\/Nanouk-300x295.jpg 300w, https:\/\/norahartmann.de\/wp-content\/uploads\/2022\/01\/Nanouk-1024x1008.jpg 1024w, https:\/\/norahartmann.de\/wp-content\/uploads\/2022\/01\/Nanouk-768x756.jpg 768w, https:\/\/norahartmann.de\/wp-content\/uploads\/2022\/01\/Nanouk.jpg 1440w\" sizes=\"(max-width: 300px) 100vw, 300px\" \/><\/p>\n","protected":false},"excerpt":{"rendered":"<p>Ich glaube, jeder von uns kennt sie irgendwie: diese Gespr\u00e4che mit Leuten, die nicht wirklich zuh\u00f6ren. Im Kollegium, im Freundeskreis, in der Familie. Da gibt es die, die immer nur von sich selber sprechen, so dass du kaum zu Wort kommst und wenn du dann mal was sagen &#8222;darfst&#8220; kurz &#8222;mhmmh&#8220; sagen, um dann erneut &hellip; <\/p>\n<p class=\"link-more\"><a href=\"https:\/\/norahartmann.de\/?page_id=465\" class=\"more-link\"><span class=\"screen-reader-text\">\u201eKommunikation statt Kommando, wof\u00fcr steht das?\u201c<\/span> weiterlesen<\/a><\/p>\n","protected":false},"author":1,"featured_media":0,"parent":0,"menu_order":0,"comment_status":"closed","ping_status":"closed","template":"","meta":[],"_links":{"self":[{"href":"https:\/\/norahartmann.de\/index.php?rest_route=\/wp\/v2\/pages\/465"}],"collection":[{"href":"https:\/\/norahartmann.de\/index.php?rest_route=\/wp\/v2\/pages"}],"about":[{"href":"https:\/\/norahartmann.de\/index.php?rest_route=\/wp\/v2\/types\/page"}],"author":[{"embeddable":true,"href":"https:\/\/norahartmann.de\/index.php?rest_route=\/wp\/v2\/users\/1"}],"replies":[{"embeddable":true,"href":"https:\/\/norahartmann.de\/index.php?rest_route=%2Fwp%2Fv2%2Fcomments&post=465"}],"version-history":[{"count":4,"href":"https:\/\/norahartmann.de\/index.php?rest_route=\/wp\/v2\/pages\/465\/revisions"}],"predecessor-version":[{"id":471,"href":"https:\/\/norahartmann.de\/index.php?rest_route=\/wp\/v2\/pages\/465\/revisions\/471"}],"wp:attachment":[{"href":"https:\/\/norahartmann.de\/index.php?rest_route=%2Fwp%2Fv2%2Fmedia&parent=465"}],"curies":[{"name":"wp","href":"https:\/\/api.w.org\/{rel}","templated":true}]}}