{"id":432,"date":"2020-09-27T18:38:13","date_gmt":"2020-09-27T16:38:13","guid":{"rendered":"http:\/\/norahartmann.de\/?page_id=432"},"modified":"2020-09-27T18:56:43","modified_gmt":"2020-09-27T16:56:43","slug":"seminar-stuttgart","status":"publish","type":"page","link":"https:\/\/norahartmann.de\/?page_id=432","title":{"rendered":"Seminar Stuttgart"},"content":{"rendered":"<div class=\"kvgmc6g5 cxmmr5t8 oygrvhab hcukyx3x c1et5uql\">T\u00e4glich laden unsere Hunde uns ein ihre faszinierende Welt gemeinsam zu entdecken und mit ihnen die &#8218;Wege zur Freundschaft&#8216; zu beschreiten.<\/div>\n<div class=\"o9v6fnle cxmmr5t8 oygrvhab hcukyx3x c1et5uql\">\u201eFreundschaften werden drau\u00dfen geschlossen\u201c, sagt Ulli Reichmann und aus diesem Grund finden unsere Ulliwalks genau da statt, wo das gemeinsame Jagen am sch\u00f6nsten ist: Im Wald, auf der Wiese, an B\u00e4chen und an Feldr\u00e4ndern.<\/div>\n<div class=\"o9v6fnle cxmmr5t8 oygrvhab hcukyx3x c1et5uql\">Dieser Workshop vermittelt die Lebenseinstellung, die hinter der Philosophie von Ulli Reichmann steht und die sich nicht nur auf das Zusammenleben mit jagenden Hunden beschr\u00e4nkt. Ums F\u00fchlen geht\u2019s, aber auch um K\u00f6rpersprache, Bed\u00fcrfnisse, Kommunikation, ums Beobachten, Erkennen und Verstehen.<\/div>\n<div class=\"o9v6fnle cxmmr5t8 oygrvhab hcukyx3x c1et5uql\">In diesem Workshop lernt ihr die Welt jagender Hunde kennen &#8211; in Theorie und vor allem in der Praxis.<\/div>\n<div class=\"o9v6fnle cxmmr5t8 oygrvhab hcukyx3x c1et5uql\">Wer bereit ist, die Einladung seines Hundes anzunehmen und sich auf wilde Abenteuer einzulassen, meldet sich an zum<br \/>\nPraxis-Workshop &#8222;Wege zur Freundschaft&#8220; in Stuttgart<\/div>\n<div class=\"o9v6fnle cxmmr5t8 oygrvhab hcukyx3x c1et5uql\">am 3. und 4. Oktober 2020<br \/>\nmit Moni Endres ( <a class=\"oajrlxb2 g5ia77u1 qu0x051f esr5mh6w e9989ue4 r7d6kgcz rq0escxv nhd2j8a9 nc684nl6 p7hjln8o kvgmc6g5 cxmmr5t8 oygrvhab hcukyx3x jb3vyjys rz4wbd8a qt6c0cv9 a8nywdso i1ao9s8h esuyzwwr f1sip0of lzcic4wl py34i1dx gpro0wi8\" tabindex=\"0\" role=\"link\" href=\"https:\/\/l.facebook.com\/l.php?u=http%3A%2F%2Fwww.mobiles-training-mensch-hund.de%2F%3Ffbclid%3DIwAR2LkDRRcTX8e_cYfnIUvMBl8KNDHxUZ8apnuGvRIGIfS__1NBjFi93Ex3w&amp;h=AT0tvhQm-vuSzvP8Xjj7QwYzY1b4SXaFKAkF6UFsbEWGC2QgcZWwLXddxieywIu5axgQ3PdCqJl8012szSMKll0bNdyClgWp-Z2RQ1C4Xlx_tH1rXtgu2-RKFHnpddxI8BXuM1NFZBRriVVQ7yUi\" target=\"_blank\" rel=\"nofollow noopener\">www.mobiles-training-mensch-hund.de<\/a>) und Nora Hartmann (<a class=\"oajrlxb2 g5ia77u1 qu0x051f esr5mh6w e9989ue4 r7d6kgcz rq0escxv nhd2j8a9 nc684nl6 p7hjln8o kvgmc6g5 cxmmr5t8 oygrvhab hcukyx3x jb3vyjys rz4wbd8a qt6c0cv9 a8nywdso i1ao9s8h esuyzwwr f1sip0of lzcic4wl py34i1dx gpro0wi8\" tabindex=\"0\" role=\"link\" href=\"https:\/\/l.facebook.com\/l.php?u=http%3A%2F%2Fwww.norahartmann.de%2F%3Ffbclid%3DIwAR3trEQjDHIfH9ZmGuxbJzAkEe24NKEKrFu3Qmx3Bdw8bS7pn3BtKxNfXbw&amp;h=AT1zHyRzODs5S9n_Tba4hs_f6iEXfnXPJp7_1NAaMLS2QYqLnTEiJ4gaFfp-ndRu5rG8Cct5hVo3RTU36sYmbTbp3eOb0JOITJ9TL9F7LT8e1QcfCmm-1n2vogqMTdJ_C_Q4w7ET1OcMScPpw4pc\" target=\"_blank\" rel=\"nofollow noopener\">www.norahartmann.de<\/a>)<\/div>\n<div class=\"o9v6fnle cxmmr5t8 oygrvhab hcukyx3x c1et5uql\">Teilnahmegeb\u00fchren<br \/>\nMit Hund 350 \u20ac<br \/>\nOhne Hund 250 \u20ac<\/div>\n<div class=\"o9v6fnle cxmmr5t8 oygrvhab hcukyx3x c1et5uql\">Verbindliche Anmeldung f\u00fcr diesen Termin bitte ausschlie\u00dflich via E-Mail an nora_hartmann@web.de<\/div>\n<div class=\"o9v6fnle cxmmr5t8 oygrvhab hcukyx3x c1et5uql\">Jeder teilnehmende Mensch sollte zur Vorbereitung wenigstens eines der B\u00fccher Ulli Reichmanns gelesen haben. Die Hunde wissen eh schon Bescheid <span class=\"pq6dq46d tbxw36s4 knj5qynh kvgmc6g5 ditlmg2l oygrvhab nvdbi5me sf5mxxl7 gl3lb2sf hhz5lgdu\"><img loading=\"lazy\" src=\"https:\/\/static.xx.fbcdn.net\/images\/emoji.php\/v9\/t53\/1\/16\/1f605.png\" alt=\"\ud83d\ude05\" width=\"16\" height=\"16\" \/><\/span><\/div>\n<div class=\"o9v6fnle cxmmr5t8 oygrvhab hcukyx3x c1et5uql\"><a class=\"oajrlxb2 g5ia77u1 qu0x051f esr5mh6w e9989ue4 r7d6kgcz rq0escxv nhd2j8a9 nc684nl6 p7hjln8o kvgmc6g5 cxmmr5t8 oygrvhab hcukyx3x jb3vyjys rz4wbd8a qt6c0cv9 a8nywdso i1ao9s8h esuyzwwr f1sip0of lzcic4wl py34i1dx gpro0wi8\" tabindex=\"0\" role=\"link\" href=\"https:\/\/l.facebook.com\/l.php?u=http%3A%2F%2Fwww.ullihunde.com%2F%3Ffbclid%3DIwAR3GH7R80mjug4HL2JQwlY_AV1nj7qHwtwkzMWW-J4jHxb0xbQkwhzoNKlc&amp;h=AT0Q3EgTh_snpZjHV8SWGCh0ty2LGbUT2PLgMYzw9eTPwJF0V6cgFLwxzWZ6T2BeMkwfkyinZR5rHak7bdn43kI2ZLkNXySNGHwmGCYliKjRhSG4icEBe_6ZS3_u6gnOrfgAID51UJpw-oKFwVQP\" target=\"_blank\" rel=\"nofollow noopener\">www.ullihunde.com<\/a><\/div>\n<div><\/div>\n<div><a href=\"http:\/\/norahartmann.de\/?page_id=375\">zur\u00fcck zu Seminare<\/a><\/div>\n<p>&nbsp;<\/p>\n","protected":false},"excerpt":{"rendered":"<p>T\u00e4glich laden unsere Hunde uns ein ihre faszinierende Welt gemeinsam zu entdecken und mit ihnen die &#8218;Wege zur Freundschaft&#8216; zu beschreiten. \u201eFreundschaften werden drau\u00dfen geschlossen\u201c, sagt Ulli Reichmann und aus diesem Grund finden unsere Ulliwalks genau da statt, wo das gemeinsame Jagen am sch\u00f6nsten ist: Im Wald, auf der Wiese, an B\u00e4chen und an Feldr\u00e4ndern. &hellip; <\/p>\n<p class=\"link-more\"><a href=\"https:\/\/norahartmann.de\/?page_id=432\" class=\"more-link\"><span class=\"screen-reader-text\">\u201eSeminar Stuttgart\u201c<\/span> weiterlesen<\/a><\/p>\n","protected":false},"author":1,"featured_media":0,"parent":0,"menu_order":0,"comment_status":"closed","ping_status":"closed","template":"","meta":[],"_links":{"self":[{"href":"https:\/\/norahartmann.de\/index.php?rest_route=\/wp\/v2\/pages\/432"}],"collection":[{"href":"https:\/\/norahartmann.de\/index.php?rest_route=\/wp\/v2\/pages"}],"about":[{"href":"https:\/\/norahartmann.de\/index.php?rest_route=\/wp\/v2\/types\/page"}],"author":[{"embeddable":true,"href":"https:\/\/norahartmann.de\/index.php?rest_route=\/wp\/v2\/users\/1"}],"replies":[{"embeddable":true,"href":"https:\/\/norahartmann.de\/index.php?rest_route=%2Fwp%2Fv2%2Fcomments&post=432"}],"version-history":[{"count":4,"href":"https:\/\/norahartmann.de\/index.php?rest_route=\/wp\/v2\/pages\/432\/revisions"}],"predecessor-version":[{"id":438,"href":"https:\/\/norahartmann.de\/index.php?rest_route=\/wp\/v2\/pages\/432\/revisions\/438"}],"wp:attachment":[{"href":"https:\/\/norahartmann.de\/index.php?rest_route=%2Fwp%2Fv2%2Fmedia&parent=432"}],"curies":[{"name":"wp","href":"https:\/\/api.w.org\/{rel}","templated":true}]}}